be g(x). Calculate the highest common divisor of 25 and t.
25
Let v(s) = -3*s**3 - 5*s**2 - s - 4. Let m be v(-4). Calculate the highest common divisor of m and 28.
28
Let h = 81 + -169. Let j = -24 - h. Suppose -4*o + 8 = -3*o. What is the highest common divisor of o and j?
8
Let d = 16 + -31. Let o be (-5 - d) + 1 + 1. Let v(j) = -5*j - 3. Let x be v(-3). Calculate the highest common divisor of x and o.
12
Let d(p) = -p**3 + 3*p**2 + 5*p - 2. Let c be d(4). Suppose -4*g + 3*q = -0*q - 33, -c*q + 10 = 0. What is the highest common divisor of g and 60?
12
Let s(w) = 5*w - 4*w + 9*w**2 - 16*w**3 + 15*w**3 - 3. Let x be s(9). What is the highest common divisor of 12 and x?
6
Suppose 3*k = k. Suppose k = g - 4*y - 5 + 3, 5*y + 41 = 4*g. Let q(r) = r**2 + 9*r - 10. Let o be q(8). What is the greatest common factor of o and g?
14
Let y(k) = k**2 + 2*k - 2. Suppose -4*h = 16, n - 4*h - 12 = -3*n. Let b = n + 4. Let x be y(b). What is the greatest common divisor of x and 52?
13
Suppose -130*f = -133*f + 21. What is the greatest common divisor of 28 and f?
7
Suppose 2*l - 78 - 142 = 0. Let a be 12 + 6/(-15) + (-6)/10. Calculate the greatest common factor of a and l.
11
Let j(p) = -18*p - 4. Let a be j(-4). Suppose -37 = -3*u + a. What is the highest common factor of u and 7?
7
Suppose 4*h = -m + 74, -5*h + 5*m - m = -82. Let o = h + -4. What is the greatest common divisor of 35 and o?
7
Let r be (42 + 2)/1 - -1. Let o be (-3 + 2)/(2/(-10)). Suppose 0*w - 14 = -t - o*w, -5*t = -5*w - 40. What is the highest common factor of t and r?
9
Suppose 5*v + l = 2, -3*v + 2*l + 2 = -7. Suppose -32 = -3*u + v. Calculate the greatest common factor of u and 99.
11
Suppose 12 = -3*q + 5*q - 2*t, 12 = 2*q + 3*t. What is the highest common divisor of q and 42?
6
Suppose 5*i - 213 = 2*i. Let x = i + -21. What is the greatest common factor of x and 5?
5
Let q(x) = 18*x**2 + 4*x - 1. Let t be q(-2). What is the greatest common factor of 7 and t?
7
Let m = -4 - -13. Let a be m - (2 - (1 + 2)). Calculate the highest common divisor of a and 90.
10
Let y = 2 - 4. Let c be 7 + -1 + y - 2. Let i = 59 + -37. What is the highest common divisor of i and c?
2
Suppose -53 = 4*t + 11. Let y be 1/(-2) - 136/t. Calculate the greatest common divisor of 8 and y.
8
Suppose o - 112 = -2*o + 4*z, 5*o - 204 = -2*z. Suppose -3*u + 15 = -9. Suppose u = k - 0. Calculate the highest common factor of k and o.
8
Let m = 61 + -43. What is the highest common factor of m and 162?
18
Let b = 847 + -587. What is the greatest common factor of 104 and b?
52
Let s(a) = 4*a - 3. Let y be s(2). Suppose -y*o = r + r - 9, 0 = 4*r + 12. Suppose 12*j = -3*j + 15. Calculate the greatest common divisor of o and j.
1
Suppose -5*q = -3*q - 8. Let k be (2 + q)*(-6)/(-4). Let z be 12/((-1)/((-12)/k)). What is the highest common divisor of z and 64?
16
Suppose 0 = 2*l + 2, 2*u - 4*l = -1 + 7. What is the highest common divisor of 5 and u?
1
Suppose 2*n = -4*d + 2*d + 242, 2*d - 474 = -4*n. What is the highest common factor of n and 87?
29
Let o be 3/((-3)/(-16)) + 0. Let g(a) = 10*a**2 + 2 + 2*a - 2 + a**3 + 3 - 6. Let i be g(-5). Calculate the greatest common factor of i and o.
16
Let r(x) = x**2 - 8*x - 5. Let f be r(19). What is the greatest common divisor of 51 and f?
51
Suppose 14*o - 19*o + 309 = 2*r, -r = -4*o - 148. What is the highest common divisor of r and 38?
38
Suppose 2*p - 35 = 3*l, -4*p = l - 62 - 29. What is the highest common factor of p and 44?
22
Let d = 202 + -139. Let v = -41 + 83. Calculate the greatest common factor of d and v.
21
Let u be ((-1)/1)/(6/(-306)). What is the highest common factor of 17 and u?
17
Let f be 1234/8 - (-10)/(-40). Calculate the highest common factor of 14 and f.
14
Suppose -2*n = -n - 15. Let i = 0 + -1. Let v = n + i. Calculate the highest common factor of v and 140.
14
Let f = -1 + 0. Let s = 2 - f. What is the greatest common divisor of 9 and s?
3
Let p be 257/(-4) + 3/(-4). Let t = 23 - p. What is the highest common factor of t and 11?
11
Let a = 38 + -21. Calculate the greatest common factor of 51 and a.
17
Let o(c) = 2*c + 27. Let s be o(-9). Let j(p) = 13*p - 2. Let v be j(5). Calculate the highest common divisor of v and s.
9
Suppose 73 = 5*w - 47. Let b be (-14)/(-2*(2 + -1)). Let n = b + 5. What is the greatest common divisor of w and n?
12
Let t be (-155)/3 - (-4)/(-12). Let m = 18 - t. Let s = -5 - -15. What is the greatest common divisor of s and m?
10
Let l = -69 - -113. What is the greatest common divisor of 22 and l?
22
Let a be 2/(-3)*-9*-2. Let g = 6 - a. Calculate the highest common factor of g and 126.
18
Let s = 26 - 10. Suppose 0 = -2*n + 3*v + 25, 23*v - 28*v = 3*n - 9. What is the highest common factor of n and s?
8
Suppose 172 = 4*d + 60. What is the greatest common divisor of d and 112?
28
Suppose 5*v - 1 - 4 = -2*f, 2*f + 1 = v. Let z = f + 5. Suppose -2*j + z*q + 4 = 0, 9 + 43 = 3*j + 4*q. What is the greatest common factor of j and 6?
6
Let v be 83 + (-1 - 0/(-5)). What is the highest common divisor of v and 123?
41
Let s = -5 - -5. Let a = 1 + s. Let l be (2 - -7) + (-1)/a. What is the highest common divisor of l and 4?
4
Let v be (2*1)/((-18)/(-45)). Suppose -3*a = -a + v*y - 22, 3*a - y + 1 = 0. What is the greatest common divisor of a and 2?
1
Let w = 192 + -138. Calculate the greatest common divisor of 18 and w.
18
Let f = 1900 + -1228. Suppose -5*l + f = -l. What is the greatest common factor of 24 and l?
24
Suppose 20 = 4*c - 5*p, 3*p = -2*c + 5*p + 10. Let n = -65 - -37. Let s = c - n. Calculate the greatest common factor of 3 and s.
3
Let w(o) = -o**3 + 10*o**2 - 2*o. Let n be w(8). Suppose 0*v - 1 = -v. Let p be 12 - (v + 0 + -3). Calculate the greatest common divisor of p and n.
14
Let n be (-6)/3*-1 - -3. Suppose 0 = 2*m + d - 7, -5*m + 0*d = n*d - 10. Calculate the highest common factor of 10 and m.
5
Let j(q) = 7*q + 1. Suppose -2*m - 3*p = -2, -2*m + 5*m - 29 = 2*p. Let r be j(m). Calculate the highest common divisor of 5 and r.
5
Suppose -i = -2*p + 29, -5*p - 6*i + i + 50 = 0. Calculate the greatest common factor of p and 39.
13
Suppose -2*z = 2*z - 52. Suppose -3*t = -z - 26. What is the highest common factor of t and 91?
13
Suppose -a + u - 6*u = 19, -a + 5 = -3*u. Let l be 2 + a/((-8)/18). What is the greatest common factor of l and 121?
11
Let n = 2 - -14. Suppose -3*s - n = -7. Let y be 18 + -1 + s + 2. Calculate the highest common factor of y and 4.
4
Let w = 324 + -82. Suppose k - w = -k. What is the highest common factor of 11 and k?
11
Suppose 4*d - d = -72. Let b = -10 - d. Calculate the highest common factor of 14 and b.
14
Let n = -24 + 47. What is the greatest common divisor of 23 and n?
23
Let o(b) = b + 13. Let h be o(-11). Suppose 0*y = -h*y - 2. Let p be y + 3 + (-58)/(-1). Calculate the greatest common divisor of p and 15.
15
Let a be -3*((-50)/6 - -1). What is the highest common divisor of a and 55?
11
Let r = -121 + 181. What is the greatest common divisor of r and 75?
15
Suppose -12 + 0 = -4*h. Suppose 0 = -h*n + 57 + 15. Suppose a = 5 + 1. Calculate the greatest common factor of n and a.
6
Let f be (5/(-2))/(3/(-114)). Calculate the greatest common divisor of f and 19.
19
Suppose v + 0*v = -1, 0 = -4*f - 5*v + 527. Calculate the highest common divisor of 19 and f.
19
Suppose -2*r = -4*y + r + 291, 4*r - 312 = -4*y. What is the greatest common factor of 15 and y?
15
Let p be -5 + 3 + 0 + -2. Let z = p + 7. Calculate the greatest common divisor of 27 and z.
3
Suppose -10 = -q + 2*q. Let a be (-24)/q*(-45)/(-6). Calculate the highest common divisor of 126 and a.
18
Let w be 134/11 + 2/(-11). Calculate the highest common divisor of 108 and w.
12
Let r(k) = -k**2 + 10*k + 1. Let v = -9 + 18. Let o be r(v). Calculate the highest common factor of 5 and o.
5
Let w = -31 + 19. Let v = 17 + w. Let h = v + 5. Calculate the greatest common factor of h and 5.
5
Let l(z) = -1. Let s(p) = 4*p + 1. Let i(o) = -4*l(o) - s(o). Let g be i(-3). Calculate the greatest common divisor of 45 and g.
15
Suppose -2*j = -0*j + 250. Suppose 1252 - 272 = -4*h. Let y = j - h. Calculate the greatest common factor of y and 12.
12
Suppose -3*m + 12 + 10 = a, 3*m - 60 = -3*a. Calculate the highest common factor of 19 and a.
19
Let